18. What is the highest common divisor of w and v?
16
Let b = 147 + -103. Calculate the highest common factor of 11 and b.
11
Suppose -d + 1 = -4. Suppose -3*b + 33 = d*s - 5, 4*s - 36 = -b. What is the highest common divisor of 110 and s?
10
Let f be (-4)/(-5)*(-45)/(-6). Let y(p) = 2*p**2 - 7*p - 6. Let i be y(f). Calculate the highest common factor of i and 36.
12
Let j(f) = -1. Let x(n) = n - 8. Let d(u) = -6*j(u) + x(u). Let l be d(11). Calculate the highest common divisor of l and 81.
9
Suppose 4*w - 2*x = -6*x + 52, -9 = -w - 3*x. What is the greatest common factor of 45 and w?
15
Suppose 0 = -4*b + 2*f + 58 + 54, 2*b + 5*f = 56. What is the highest common divisor of b and 112?
28
Let g(s) = -s**3 - 4 + 0*s**2 + 4*s**2 - 9*s**2. Let f be g(-6). What is the greatest common factor of 16 and f?
16
Let r = 12 + -7. Suppose -2*u + 6 + 9 = h, 4*u - r*h = 65. Suppose 0*o - u = -o. Calculate the highest common divisor of o and 2.
2
Let p(h) = h**3 + h**2 - h + 14. Let z be p(0). What is the highest common divisor of 7 and z?
7
Let j(m) = -2*m**3 - m**2 + 1. Let o be j(-1). Suppose 5*v - 2*l - l = 541, 0 = o*v - 5*l - 205. What is the highest common factor of v and 22?
22
Let q(x) = x - 1. Let a be q(7). Suppose -g = -120 - a. Suppose o + 49 = 3*z, 3*o + 31 - 118 = -4*z. What is the greatest common factor of g and z?
18
Suppose 4*h + 16 = 2*m - 6*m, 16 = -m + 2*h. Let j be 2*(-2)/m*20. What is the highest common divisor of j and 110?
10
Suppose 5*s = 5*j - 10, -4*s - 3*j = -6*j + 3. What is the highest common factor of s and 36?
3
Let f be -3 + (-3 - -4) + 8. Calculate the greatest common divisor of 15 and f.
3
Let w be (-2)/6 - 20/(-6). Suppose g + w*f + 120 = 5*g, 120 = 4*g - 2*f. Calculate the highest common divisor of 75 and g.
15
Let l(y) = y**2 + 2. Suppose -w - 3 = 1. Let h be l(w). Calculate the greatest common divisor of h and 18.
18
Suppose -4*q = q. Suppose -r = -q - 3. Let s = -2 - -3. What is the highest common factor of s and r?
1
Let x be 4/(15/(-20)*(-4)/6). Calculate the greatest common factor of x and 6.
2
Suppose -4*m = 8, -s = -6*s + 2*m + 214. Let d(k) = 3*k**2 - 6*k. Let j be d(-5). What is the highest common divisor of s and j?
21
Let v be 146/4 + 15/10 - 2. What is the highest common factor of v and 126?
18
Let d = -2 - -2. Suppose -2*u - 3*m + 28 = d, 2*u - 5*m + 3 = -1. What is the highest common factor of 16 and u?
8
Let h be (376/(-4))/(-1*2). Let w = h + -26. Suppose 0 = 4*m + w - 77. What is the greatest common factor of m and 42?
14
Let a be 3350/75 - ((-8)/6)/(-2). Suppose c - 6 + 2 = 0. Calculate the highest common divisor of a and c.
4
Suppose 5 + 34 = -3*a. Let b = 24 + a. Let j(r) = -34*r - 1. Let p be j(-1). What is the highest common divisor of p and b?
11
Let i be (-2)/7 - (-8848)/98. What is the highest common factor of 10 and i?
10
Let w = 231 + -151. Let m be 370/35 - 8/14. What is the highest common divisor of m and w?
10
Suppose -12*j + 660 = -8*j. Calculate the highest common divisor of j and 66.
33
Suppose 0 = -2*c + 4*j + 208, 5*c + 8 = 3*j + 556. Suppose 3*h - 2*q = 42, 2*h + 0*q = 4*q + 28. Calculate the greatest common factor of h and c.
14
Suppose 16 = 4*a + 3*o, 9 = 3*a + 3*o - 3. What is the greatest common divisor of 4 and a?
4
Let x(p) = p**3 - 8*p**2 + 10*p - 3. Let d be x(9). What is the greatest common divisor of d and 14?
14
Let p(u) = u**2 - 2*u + 1. Let k be p(-2). Calculate the highest common divisor of 72 and k.
9
Suppose g = 3*g - 8. Suppose 2*s - s + 4*j - 3 = 0, -g*s + 12 = -2*j. Suppose x + 3 = -1, -l + 17 = -s*x. Calculate the greatest common factor of l and 10.
5
Let f = -3 - -6. Let z be (-4)/10 - 32/(-5). What is the greatest common factor of z and f?
3
Let i be 1/(9/(-6) - -2). Let p be (i - 1) + 1 - -15. Calculate the highest common divisor of 187 and p.
17
Let l(x) = 2*x**2 - x + x**3 - 1 + x + 3*x**3. Let j be l(1). Calculate the greatest common factor of 55 and j.
5
Let l(p) = p**2 - 4*p - 13. Let f be l(7). What is the greatest common factor of 32 and f?
8
Let v = 32 - 16. What is the greatest common divisor of 8 and v?
8
Let n = 236 + -117. Calculate the highest common divisor of n and 17.
17
Let i(k) = 28*k - 2. Let b be i(2). Let l(u) = -2*u + 9. Let c be l(5). Let j = 5 - c. What is the greatest common divisor of j and b?
6
Let q be -2*((-3)/(-6) - 3). Suppose u - q*u = 3*i - 59, -4*u + 3*i + 77 = 0. What is the highest common divisor of u and 51?
17
Suppose 4*p = 3*h - 22, -24 = -h - 2*h + 3*p. What is the highest common factor of 10 and h?
10
Let n(w) = -w - 8. Let y be n(-20). What is the highest common divisor of y and 3?
3
Let p(o) = 6*o + 4. Let m be p(8). Let k be (32 - 16) + (-3 - 0). Calculate the highest common divisor of m and k.
13
Let l(c) = -c - 4. Let y be l(-10). Calculate the greatest common factor of 3 and y.
3
Let s(d) = 3*d**2 + 4*d - 1. Let y be s(4). Suppose 0*u - y = u. Let g be (-11106)/u - (-4)/(-14). What is the greatest common divisor of g and 16?
16
Suppose -3*p - 4 = 5. Let j be -1 - (-17 + (-6)/p). Let i be 4/(-14) + 340/j. What is the greatest common factor of i and 16?
8
Let m be (3/6*-3)/(1/(-6)). Calculate the highest common divisor of 99 and m.
9
Let v(m) = 5*m**2 - 6*m. Let c be v(8). What is the greatest common factor of 34 and c?
34
Let z be 155 - (1 + 3 + -3). What is the greatest common factor of 22 and z?
22
Let v = -1 + 13. Suppose g = -g + v. Calculate the highest common divisor of 6 and g.
6
Let i(s) = -s**3 + 7*s**2 + 4*s - 7. Let m be i(7). Calculate the greatest common factor of m and 21.
21
Suppose 3*x - 2*k = 3, 0 = -5*x + 3*k + 2*k. Let p be (x - (2 + 0))*6. Calculate the highest common factor of 66 and p.
6
Let p(x) = 4*x**3 + 7*x - 7. Let h(i) = 4*i**3 + 6*i - 6. Let m(u) = -6*h(u) + 5*p(u). Let f be m(-2). Calculate the greatest common factor of 7 and f.
7
Let y = 31 - 22. Let f(a) = -27*a. Let i be 5/(-4) + (-1)/(-4). Let j be f(i). What is the highest common factor of j and y?
9
Let c = 172 - 150. Let p be (11 - 0)*(-1 - -19). Calculate the highest common factor of p and c.
22
Suppose -3*x = x - 24. Suppose 0*s - 128 = -s. Suppose 2*z = x*z - s. What is the highest common factor of z and 4?
4
Suppose 140 = 2*a - 7*a. Let b = -16 - a. Suppose -110 = -5*n + 130. What is the highest common divisor of b and n?
12
Let c be (-1)/(-3)*3 + 10. What is the greatest common factor of c and 99?
11
Let y = 99 + -91. Calculate the highest common factor of 2 and y.
2
Let j = 4 - 0. Suppose v = j*d - 15, -45 = -0*d - 5*d - 4*v. Let w(t) = t**2 + 3*t + 3. Let r be w(-2). What is the greatest common factor of d and r?
1
Let f be (3 - 1)*(-2 + 0). Let n be (-1 - 2 - f) + 7. Calculate the greatest common factor of n and 56.
8
Suppose -6 = -3*x - 0. Suppose -x*q = -3*q + 32. What is the highest common factor of q and 16?
16
Let o = 33 + -25. Calculate the greatest common factor of o and 32.
8
Let f(n) = 3*n**2 - 6*n + 4. Let m be f(4). Let v = 158 + -88. What is the greatest common factor of m and v?
14
Suppose 5*v - 84 + 24 = 0. Calculate the greatest common factor of 96 and v.
12
Let y(r) = 31*r**3 + r**2 - 2. Let b be y(2). Suppose -30 = -4*o + b. Calculate the highest common factor of 10 and o.
10
Let x(f) = f**3 + 11*f**2 + 6*f + 14. Let y be x(-10). Calculate the highest common factor of y and 6.
6
Suppose -2*y = -4*u + 12, 0*y - 3*y + 10 = u. Calculate the highest common factor of 2 and y.
2
Let s(m) = -8*m. Let r be s(-2). Suppose r = 5*l - 4, -4*c + 68 = 5*l. Let f be (51/c)/((-1)/(-4)). Calculate the highest common factor of 34 and f.
17
Suppose 2*k - 3 = -1. Calculate the highest common factor of k and 9.
1
Let w(v) = v**3 - 9*v**2 + 6*v. Let q be w(9). What is the greatest common divisor of q and 6?
6
Let o(f) = -f**3 + 4*f**2 + 7*f - 4. Let w be o(5). Suppose -3*r = -76 - 86. Calculate the highest common factor of w and r.
6
Suppose -2*b = -73 - 3. Suppose y = -2*y + 78. Let h = b + y. Calculate the highest common factor of h and 8.
8
Suppose 0*y + 2*y - 14 = 0. Suppose 4*i - l = -0*i + 27, 0 = 4*i + l - 29. Calculate the highest common divisor of y and i.
7
Let s(z) = 10*z**2 + 4*z - 4. Let n be s(2). What is the highest common factor of 22 and n?
22
Suppose -c - 193 = -2*z - 2*z, 3*z = -4*c + 140. Let j(d) = -4 -